{"id":2917,"date":"2020-11-21T17:26:10","date_gmt":"2020-11-21T17:26:10","guid":{"rendered":"https:\/\/ingra.net\/online\/?post_type=product&#038;p=2917"},"modified":"2020-11-30T19:53:56","modified_gmt":"2020-11-30T19:53:56","slug":"calendario-de-sobremesa-peana-20x10-cms","status":"publish","type":"product","link":"https:\/\/ingra.net\/online\/producto\/calendario-de-sobremesa-peana-20x10-cms\/","title":{"rendered":"Calendario de Sobremesa Peana 20&#215;10 cms."},"content":{"rendered":"<p>Calendario de Sobremesa con peana pegado, tama\u00f1o 20&#215;10 cms. impresi\u00f3n a color CMYK por una cara, sobre papel estucado mate de 350 grms. y plastificado brillo por la cara impresa, desde 100 ejemplares<\/p>\n","protected":false},"excerpt":{"rendered":"<p>Calendario de Sobremesa con peana pegado, tama\u00f1o 20&#215;10 cms. impresi\u00f3n a color CMYK por una cara, sobre papel estucado mate de 350 grms. y plastificado brillo por la cara impresa, con dise\u00f1o aportado por el cliente, si no dispones de tiempo o prefieres que te lo hagamos nosotros, aportanos tu logotipo y datos que quieras incluir, y te enviaremos una prueba en 48 horas.<\/p>\n<p>Tambi\u00e9n te ofrecemos calendarios con otros formatos.<\/p>\n","protected":false},"featured_media":2944,"comment_status":"open","ping_status":"closed","template":"","meta":{"_monsterinsights_skip_tracking":false,"_monsterinsights_sitenote_active":false,"_monsterinsights_sitenote_note":"","_monsterinsights_sitenote_category":0},"product_brand":[],"product_cat":[659],"product_tag":[664,663,666,668,669,665,667,670],"class_list":{"0":"post-2917","1":"product","2":"type-product","3":"status-publish","4":"has-post-thumbnail","6":"product_cat-calendarios","7":"product_tag-almanaque","8":"product_tag-calendario","9":"product_tag-calendario-con-colgador","10":"product_tag-calendario-de-bolsillo","11":"product_tag-calendario-de-pared","12":"product_tag-calendario-de-sobremesa","13":"product_tag-calendario-revista","14":"product_tag-publicidad-calendario","15":"product_shipping_class-gratuito","16":"pa_cantidad-100-unidades","17":"pa_cantidad-1000-unidades","18":"pa_cantidad-250-unidades","19":"pa_cantidad-500-unidades","21":"first","22":"instock","23":"sold-individually","24":"taxable","25":"shipping-taxable","26":"purchasable","27":"product-type-variable","28":"has-default-attributes"},"yoast_head":"<!-- This site is optimized with the Yoast SEO plugin v27.4 - https:\/\/yoast.com\/product\/yoast-seo-wordpress\/ -->\n<title>Calendario de Sobremesa Peana 20x10 cms. | Ingra Impresores<\/title>\n<meta name=\"robots\" content=\"index, follow, max-snippet:-1, max-image-preview:large, max-video-preview:-1\" \/>\n<link rel=\"canonical\" href=\"https:\/\/ingra.net\/online\/producto\/calendario-de-sobremesa-peana-20x10-cms\/\" \/>\n<meta property=\"og:locale\" content=\"es_ES\" \/>\n<meta property=\"og:type\" content=\"article\" \/>\n<meta property=\"og:title\" content=\"Calendario de Sobremesa Peana 20x10 cms. | Ingra Impresores\" \/>\n<meta property=\"og:description\" content=\"Calendario de Sobremesa con peana pegado, tama\u00f1o 20x10 cms. impresi\u00f3n a color CMYK por una cara, sobre papel estucado mate de 350 grms. y plastificado brillo por la cara impresa, con dise\u00f1o aportado por el cliente, si no dispones de tiempo o prefieres que te lo hagamos nosotros, aportanos tu logotipo y datos que quieras incluir, y te enviaremos una prueba en 48 horas.  Tambi\u00e9n te ofrecemos calendarios con otros formatos.\" \/>\n<meta property=\"og:url\" content=\"https:\/\/ingra.net\/online\/producto\/calendario-de-sobremesa-peana-20x10-cms\/\" \/>\n<meta property=\"og:site_name\" content=\"Ingra Impresores\" \/>\n<meta property=\"article:publisher\" content=\"https:\/\/www.facebook.com\/INGRAIMPRESORES\" \/>\n<meta property=\"article:modified_time\" content=\"2020-11-30T19:53:56+00:00\" \/>\n<meta property=\"og:image\" content=\"https:\/\/ingra.net\/online\/wp-content\/uploads\/2020\/11\/calendariopeanas-1006x1024.jpg\" \/>\n\t<meta property=\"og:image:width\" content=\"1006\" \/>\n\t<meta property=\"og:image:height\" content=\"1024\" \/>\n\t<meta property=\"og:image:type\" content=\"image\/jpeg\" \/>\n<meta name=\"twitter:card\" content=\"summary_large_image\" \/>\n<meta name=\"twitter:site\" content=\"@IngraImpresores\" \/>\n<script type=\"application\/ld+json\" class=\"yoast-schema-graph\">{\"@context\":\"https:\\\/\\\/schema.org\",\"@graph\":[{\"@type\":\"WebPage\",\"@id\":\"https:\\\/\\\/ingra.net\\\/online\\\/producto\\\/calendario-de-sobremesa-peana-20x10-cms\\\/\",\"url\":\"https:\\\/\\\/ingra.net\\\/online\\\/producto\\\/calendario-de-sobremesa-peana-20x10-cms\\\/\",\"name\":\"Calendario de Sobremesa Peana 20x10 cms. | Ingra Impresores\",\"isPartOf\":{\"@id\":\"https:\\\/\\\/ingra.net\\\/online\\\/#website\"},\"primaryImageOfPage\":{\"@id\":\"https:\\\/\\\/ingra.net\\\/online\\\/producto\\\/calendario-de-sobremesa-peana-20x10-cms\\\/#primaryimage\"},\"image\":{\"@id\":\"https:\\\/\\\/ingra.net\\\/online\\\/producto\\\/calendario-de-sobremesa-peana-20x10-cms\\\/#primaryimage\"},\"thumbnailUrl\":\"https:\\\/\\\/ingra.net\\\/online\\\/wp-content\\\/uploads\\\/2020\\\/11\\\/calendariopeanas.jpg\",\"datePublished\":\"2020-11-21T17:26:10+00:00\",\"dateModified\":\"2020-11-30T19:53:56+00:00\",\"breadcrumb\":{\"@id\":\"https:\\\/\\\/ingra.net\\\/online\\\/producto\\\/calendario-de-sobremesa-peana-20x10-cms\\\/#breadcrumb\"},\"inLanguage\":\"es\",\"potentialAction\":[{\"@type\":\"ReadAction\",\"target\":[\"https:\\\/\\\/ingra.net\\\/online\\\/producto\\\/calendario-de-sobremesa-peana-20x10-cms\\\/\"]}]},{\"@type\":\"ImageObject\",\"inLanguage\":\"es\",\"@id\":\"https:\\\/\\\/ingra.net\\\/online\\\/producto\\\/calendario-de-sobremesa-peana-20x10-cms\\\/#primaryimage\",\"url\":\"https:\\\/\\\/ingra.net\\\/online\\\/wp-content\\\/uploads\\\/2020\\\/11\\\/calendariopeanas.jpg\",\"contentUrl\":\"https:\\\/\\\/ingra.net\\\/online\\\/wp-content\\\/uploads\\\/2020\\\/11\\\/calendariopeanas.jpg\",\"width\":2211,\"height\":2250,\"caption\":\"calendario_peana\"},{\"@type\":\"BreadcrumbList\",\"@id\":\"https:\\\/\\\/ingra.net\\\/online\\\/producto\\\/calendario-de-sobremesa-peana-20x10-cms\\\/#breadcrumb\",\"itemListElement\":[{\"@type\":\"ListItem\",\"position\":1,\"name\":\"Portada\",\"item\":\"https:\\\/\\\/ingra.net\\\/online\\\/\"},{\"@type\":\"ListItem\",\"position\":2,\"name\":\"Tienda\",\"item\":\"https:\\\/\\\/ingra.net\\\/online\\\/tienda\\\/\"},{\"@type\":\"ListItem\",\"position\":3,\"name\":\"Calendario de Sobremesa Peana 20&#215;10 cms.\"}]},{\"@type\":\"WebSite\",\"@id\":\"https:\\\/\\\/ingra.net\\\/online\\\/#website\",\"url\":\"https:\\\/\\\/ingra.net\\\/online\\\/\",\"name\":\"Ingra Impresores\",\"description\":\"Imprenta Offset y digital en Alicante\",\"publisher\":{\"@id\":\"https:\\\/\\\/ingra.net\\\/online\\\/#organization\"},\"alternateName\":\"INGRA\",\"potentialAction\":[{\"@type\":\"SearchAction\",\"target\":{\"@type\":\"EntryPoint\",\"urlTemplate\":\"https:\\\/\\\/ingra.net\\\/online\\\/?s={search_term_string}\"},\"query-input\":{\"@type\":\"PropertyValueSpecification\",\"valueRequired\":true,\"valueName\":\"search_term_string\"}}],\"inLanguage\":\"es\"},{\"@type\":\"Organization\",\"@id\":\"https:\\\/\\\/ingra.net\\\/online\\\/#organization\",\"name\":\"Ingra Impresores\",\"alternateName\":\"Ingra impresores\",\"url\":\"https:\\\/\\\/ingra.net\\\/online\\\/\",\"logo\":{\"@type\":\"ImageObject\",\"inLanguage\":\"es\",\"@id\":\"https:\\\/\\\/ingra.net\\\/online\\\/#\\\/schema\\\/logo\\\/image\\\/\",\"url\":\"https:\\\/\\\/ingra.net\\\/online\\\/wp-content\\\/uploads\\\/2012\\\/11\\\/logo.png\",\"contentUrl\":\"https:\\\/\\\/ingra.net\\\/online\\\/wp-content\\\/uploads\\\/2012\\\/11\\\/logo.png\",\"width\":360,\"height\":105,\"caption\":\"Ingra Impresores\"},\"image\":{\"@id\":\"https:\\\/\\\/ingra.net\\\/online\\\/#\\\/schema\\\/logo\\\/image\\\/\"},\"sameAs\":[\"https:\\\/\\\/www.facebook.com\\\/INGRAIMPRESORES\",\"https:\\\/\\\/x.com\\\/IngraImpresores\",\"https:\\\/\\\/www.instagram.com\\\/ingraimpresoresalicante\\\/\"]}]}<\/script>\n<!-- \/ Yoast SEO plugin. -->","yoast_head_json":{"title":"Calendario de Sobremesa Peana 20x10 cms. | Ingra Impresores","robots":{"index":"index","follow":"follow","max-snippet":"max-snippet:-1","max-image-preview":"max-image-preview:large","max-video-preview":"max-video-preview:-1"},"canonical":"https:\/\/ingra.net\/online\/producto\/calendario-de-sobremesa-peana-20x10-cms\/","og_locale":"es_ES","og_type":"article","og_title":"Calendario de Sobremesa Peana 20x10 cms. | Ingra Impresores","og_description":"Calendario de Sobremesa con peana pegado, tama\u00f1o 20x10 cms. impresi\u00f3n a color CMYK por una cara, sobre papel estucado mate de 350 grms. y plastificado brillo por la cara impresa, con dise\u00f1o aportado por el cliente, si no dispones de tiempo o prefieres que te lo hagamos nosotros, aportanos tu logotipo y datos que quieras incluir, y te enviaremos una prueba en 48 horas.  Tambi\u00e9n te ofrecemos calendarios con otros formatos.","og_url":"https:\/\/ingra.net\/online\/producto\/calendario-de-sobremesa-peana-20x10-cms\/","og_site_name":"Ingra Impresores","article_publisher":"https:\/\/www.facebook.com\/INGRAIMPRESORES","article_modified_time":"2020-11-30T19:53:56+00:00","og_image":[{"width":1006,"height":1024,"url":"https:\/\/ingra.net\/online\/wp-content\/uploads\/2020\/11\/calendariopeanas-1006x1024.jpg","type":"image\/jpeg"}],"twitter_card":"summary_large_image","twitter_site":"@IngraImpresores","schema":{"@context":"https:\/\/schema.org","@graph":[{"@type":"WebPage","@id":"https:\/\/ingra.net\/online\/producto\/calendario-de-sobremesa-peana-20x10-cms\/","url":"https:\/\/ingra.net\/online\/producto\/calendario-de-sobremesa-peana-20x10-cms\/","name":"Calendario de Sobremesa Peana 20x10 cms. | Ingra Impresores","isPartOf":{"@id":"https:\/\/ingra.net\/online\/#website"},"primaryImageOfPage":{"@id":"https:\/\/ingra.net\/online\/producto\/calendario-de-sobremesa-peana-20x10-cms\/#primaryimage"},"image":{"@id":"https:\/\/ingra.net\/online\/producto\/calendario-de-sobremesa-peana-20x10-cms\/#primaryimage"},"thumbnailUrl":"https:\/\/ingra.net\/online\/wp-content\/uploads\/2020\/11\/calendariopeanas.jpg","datePublished":"2020-11-21T17:26:10+00:00","dateModified":"2020-11-30T19:53:56+00:00","breadcrumb":{"@id":"https:\/\/ingra.net\/online\/producto\/calendario-de-sobremesa-peana-20x10-cms\/#breadcrumb"},"inLanguage":"es","potentialAction":[{"@type":"ReadAction","target":["https:\/\/ingra.net\/online\/producto\/calendario-de-sobremesa-peana-20x10-cms\/"]}]},{"@type":"ImageObject","inLanguage":"es","@id":"https:\/\/ingra.net\/online\/producto\/calendario-de-sobremesa-peana-20x10-cms\/#primaryimage","url":"https:\/\/ingra.net\/online\/wp-content\/uploads\/2020\/11\/calendariopeanas.jpg","contentUrl":"https:\/\/ingra.net\/online\/wp-content\/uploads\/2020\/11\/calendariopeanas.jpg","width":2211,"height":2250,"caption":"calendario_peana"},{"@type":"BreadcrumbList","@id":"https:\/\/ingra.net\/online\/producto\/calendario-de-sobremesa-peana-20x10-cms\/#breadcrumb","itemListElement":[{"@type":"ListItem","position":1,"name":"Portada","item":"https:\/\/ingra.net\/online\/"},{"@type":"ListItem","position":2,"name":"Tienda","item":"https:\/\/ingra.net\/online\/tienda\/"},{"@type":"ListItem","position":3,"name":"Calendario de Sobremesa Peana 20&#215;10 cms."}]},{"@type":"WebSite","@id":"https:\/\/ingra.net\/online\/#website","url":"https:\/\/ingra.net\/online\/","name":"Ingra Impresores","description":"Imprenta Offset y digital en Alicante","publisher":{"@id":"https:\/\/ingra.net\/online\/#organization"},"alternateName":"INGRA","potentialAction":[{"@type":"SearchAction","target":{"@type":"EntryPoint","urlTemplate":"https:\/\/ingra.net\/online\/?s={search_term_string}"},"query-input":{"@type":"PropertyValueSpecification","valueRequired":true,"valueName":"search_term_string"}}],"inLanguage":"es"},{"@type":"Organization","@id":"https:\/\/ingra.net\/online\/#organization","name":"Ingra Impresores","alternateName":"Ingra impresores","url":"https:\/\/ingra.net\/online\/","logo":{"@type":"ImageObject","inLanguage":"es","@id":"https:\/\/ingra.net\/online\/#\/schema\/logo\/image\/","url":"https:\/\/ingra.net\/online\/wp-content\/uploads\/2012\/11\/logo.png","contentUrl":"https:\/\/ingra.net\/online\/wp-content\/uploads\/2012\/11\/logo.png","width":360,"height":105,"caption":"Ingra Impresores"},"image":{"@id":"https:\/\/ingra.net\/online\/#\/schema\/logo\/image\/"},"sameAs":["https:\/\/www.facebook.com\/INGRAIMPRESORES","https:\/\/x.com\/IngraImpresores","https:\/\/www.instagram.com\/ingraimpresoresalicante\/"]}]}},"_links":{"self":[{"href":"https:\/\/ingra.net\/online\/wp-json\/wp\/v2\/product\/2917","targetHints":{"allow":["GET"]}}],"collection":[{"href":"https:\/\/ingra.net\/online\/wp-json\/wp\/v2\/product"}],"about":[{"href":"https:\/\/ingra.net\/online\/wp-json\/wp\/v2\/types\/product"}],"replies":[{"embeddable":true,"href":"https:\/\/ingra.net\/online\/wp-json\/wp\/v2\/comments?post=2917"}],"wp:featuredmedia":[{"embeddable":true,"href":"https:\/\/ingra.net\/online\/wp-json\/wp\/v2\/media\/2944"}],"wp:attachment":[{"href":"https:\/\/ingra.net\/online\/wp-json\/wp\/v2\/media?parent=2917"}],"wp:term":[{"taxonomy":"product_brand","embeddable":true,"href":"https:\/\/ingra.net\/online\/wp-json\/wp\/v2\/product_brand?post=2917"},{"taxonomy":"product_cat","embeddable":true,"href":"https:\/\/ingra.net\/online\/wp-json\/wp\/v2\/product_cat?post=2917"},{"taxonomy":"product_tag","embeddable":true,"href":"https:\/\/ingra.net\/online\/wp-json\/wp\/v2\/product_tag?post=2917"}],"curies":[{"name":"wp","href":"https:\/\/api.w.org\/{rel}","templated":true}]}}