{"id":153,"date":"2016-08-12T19:24:07","date_gmt":"2016-08-12T17:24:07","guid":{"rendered":"http:\/\/ingra.net\/umh\/?post_type=product&#038;p=153"},"modified":"2016-08-17T13:29:27","modified_gmt":"2016-08-17T11:29:27","slug":"7-0-bolsas-cuartilla","status":"publish","type":"product","link":"http:\/\/ingra.net\/umh\/producto\/7-0-bolsas-cuartilla\/","title":{"rendered":"07.0 Bolsas Cuartilla"},"content":{"rendered":"<p>Bolsas\u00a0cuartilla\u00a0personalizadas, tama\u00f1o 184&#215;261 mm impresi\u00f3n de logotipo en color o blanco y negro a 4+0 \u00f3 1+0 tintas sobre papel offset de 90\u00a0grms. y verjurado de 100 grms. con franqueo e inspecci\u00f3n postal.<\/p>\n","protected":false},"excerpt":{"rendered":"<p>Bolsas\u00a0cuartilla\u00a0personalizadas, tama\u00f1o 184&#215;261 mm impresi\u00f3n de logotipo en color o blanco y negro a 4+0 \u00f3 1+0 tintas sobre papel<\/p>\n","protected":false},"featured_media":101,"comment_status":"open","ping_status":"closed","template":"","meta":{"_monsterinsights_skip_tracking":false,"_monsterinsights_sitenote_active":false,"_monsterinsights_sitenote_note":"","_monsterinsights_sitenote_category":0},"product_brand":[],"product_cat":[8],"product_tag":[17,16],"class_list":{"0":"post-153","1":"product","2":"type-product","3":"status-publish","4":"has-post-thumbnail","6":"product_cat-sobres","7":"product_tag-cuartilla","8":"product_tag-sobres","10":"first","11":"instock","12":"taxable","13":"shipping-taxable","14":"purchasable","15":"product-type-variable"},"_links":{"self":[{"href":"http:\/\/ingra.net\/umh\/wp-json\/wp\/v2\/product\/153","targetHints":{"allow":["GET"]}}],"collection":[{"href":"http:\/\/ingra.net\/umh\/wp-json\/wp\/v2\/product"}],"about":[{"href":"http:\/\/ingra.net\/umh\/wp-json\/wp\/v2\/types\/product"}],"replies":[{"embeddable":true,"href":"http:\/\/ingra.net\/umh\/wp-json\/wp\/v2\/comments?post=153"}],"wp:featuredmedia":[{"embeddable":true,"href":"http:\/\/ingra.net\/umh\/wp-json\/wp\/v2\/media\/101"}],"wp:attachment":[{"href":"http:\/\/ingra.net\/umh\/wp-json\/wp\/v2\/media?parent=153"}],"wp:term":[{"taxonomy":"product_brand","embeddable":true,"href":"http:\/\/ingra.net\/umh\/wp-json\/wp\/v2\/product_brand?post=153"},{"taxonomy":"product_cat","embeddable":true,"href":"http:\/\/ingra.net\/umh\/wp-json\/wp\/v2\/product_cat?post=153"},{"taxonomy":"product_tag","embeddable":true,"href":"http:\/\/ingra.net\/umh\/wp-json\/wp\/v2\/product_tag?post=153"}],"curies":[{"name":"wp","href":"https:\/\/api.w.org\/{rel}","templated":true}]}}